101*o. Calculate p(11).
50
Suppose -3*t - d + 2*d = 15, -3*t - 2*d = 24. Let r = 87 - 65. Let z(w) = r - 11 - 8 + w. Determine z(t).
-3
Let h(v) = -23 + 9 + 12 + v**2 + 5*v + 0*v**2. Let w be h(-3). Let p(z) = -z**2 - 10*z + 6. What is p(w)?
22
Let i(f) be the third derivative of -9*f + 1/60*f**5 - 3*f**2 - 7/24*f**4 - 5/3*f**3 + 0. Give i(8).
-2
Let j(q) = -q - 5. Suppose -18*a + 145 = -31*a - 24. Determine j(a).
8
Let y(x) = x**3 - 13*x**2 + x - 11. Let m be y(13). Suppose 0 = 2*c + 2*d - m, -4*c - 3*d + 11 = c. Let z(t) = 3 - 1 + 1 - t - 1. What is z(c)?
-2
Let g(k) = 8*k + 4. Let x(u) = 3*u + 1. Let d(h) = g(h) - 3*x(h). Let b(t) = -2*t + 3. Let z = 10 + -16. Let q(p) = z*b(p) + 14*d(p). What is q(3)?
-10
Let k(f) = 39*f - 1. Let j be 168/(-12) + (16 - 3). Calculate k(j).
-40
Suppose -m = 2*z - 5*m - 12, 24 = -2*z - 5*m. Suppose 3*l = -5*j + 5*l - 14, -l = 3. Let g be (-2)/j + ((-21)/6 - z). Let o(h) = 9*h**3 + h. Calculate o(g).
-10
Let j(m) be the second derivative of m**3/6 - m**2 - m. Let c = 782 + -756. Suppose 4*v - 3*p = 17, -v + 2*p - c = -3*v. Calculate j(v).
6
Let u(z) = -z**3 + 2*z**2 + z - 1. Let g be -13 - -22 - (-2 + (-24)/(-3)). Let j be (7 - (8/4 + g))/1. Calculate u(j).
1
Let m(x) = -12*x + 82. Suppose -13098 = -54*h - 12666. Determine m(h).
-14
Suppose 5*s + 5*p - 40 = 0, -s = -2*p - 2 + 9. Suppose 5*u = s*x + 19, 0*x + 4*x - 33 = -5*u. Let c(h) = -h**3 + 6*h**2 - 5*h - 4. Give c(u).
-4
Let l(m) be the second derivative of -m**7/840 + 7*m**6/360 - m**5/120 + 3*m**4/8 - 43*m**3/6 - m + 1. Let o(z) be the second derivative of l(z). What is o(7)?
2
Let j(b) = 2*b - 2*b + 3*b - 2. Let y(m) = -m**3 - 3*m**2 + 4*m - 21. Let p be y(-5). Let n be 22/3 + -4 + p/(-27). Give j(n).
7
Let q(n) = 55*n + 24. Let c(v) = -18*v - 7. Let u(z) = 7*c(z) + 2*q(z). Let y(d) = 5*d - 1. Let p(i) = u(i) + 4*y(i). Give p(6).
19
Let b(u) = 591*u - 8 - 214*u - 208*u - 200*u. Calculate b(-5).
147
Let x(f) = f - 15. Suppose -5*w - 3*h = -5, 0 = -5*w + 3*h + 39 - 4. Suppose 0 = -5*k - 0 - 40. Let z be 6 + -2*w/k. Determine x(z).
-8
Let r(v) = -4*v + 8. Let d(w) = -46*w - 14. Let h(k) = -9*k - 2. Let x(u) = 3*d(u) - 16*h(u). Let j(a) = -6*r(a) - 5*x(a). What is j(-5)?
32
Let x = -170 - -267. Suppose -5*z + 43 = -x. Let c(t) = z + 29 - 50 - t. Give c(6).
1
Suppose -4*x = -2*l + x + 19, 2*x + 8 = l. Suppose 2*g = 5*z - 27, l*g + 0*g = 8. Let s(c) = 8*c - z + 1 + 7 + 0. Calculate s(1).
9
Let g(i) = 62292 - 62288 + 0*i - 3*i + 4*i. Suppose 2*s + 4*w - w = -31, -4 = -2*s + 4*w. Give g(s).
-4
Let l(z) = -59*z**3 + 34*z**2 + 10*z + 61. Let k(w) = -17*w**3 + 10*w**2 + 3*w + 18. Let d(u) = -17*k(u) + 5*l(u). What is d(-1)?
6
Let j be 2*(2 - (-2)/4). Let q(f) = -4*f + 7. Let s(n) = n - 1. Let a(x) = 4*x + 21. Let v be a(-5). Let c(r) = v*q(r) + 5*s(r). Calculate c(j).
7
Let t(n) = -5*n - 206*n**3 + 16*n**2 + 1 + 8 - 11*n + 205*n**3. Determine t(15).
-6
Let s(w) = 2*w**2 - 6 + 6*w + 8 - 3*w**2 + 0*w**2 + 41. Let b be s(10). Let d(q) = q**3 - 7*q - 1. Give d(b).
5
Suppose -7*n + 4*n = -4*n. Suppose 0 = i - 5, -3*m - 3*i = -n*i. Let w(j) = -j**3 - 4 - 4*j - 5*j**2 + 4*j + j. Determine w(m).
-9
Let f(j) = -48*j - 238. Let v(c) = -73*c - 353. Let m(k) = -8*f(k) + 5*v(k). Give m(-7).
6
Let h be ((-2)/4)/((-435)/(-90) + -5). Let k(m) = -2*m**2 + 4*m + 1. What is k(h)?
-5
Let j(d) = -19*d + 91. Let o(y) = -1. Let n(h) = j(h) - 5*o(h). What is n(5)?
1
Let c(t) = -24 + 28 + 7*t**2 - 3*t**2 + 7*t + 13*t**3 - 12*t**3. What is c(-5)?
-56
Let g = -5213 - -5210. Let k(y) = -y + 3. Determine k(g).
6
Let c(m) be the second derivative of m**6/360 - m**5/10 + 13*m**4/24 + 143*m**3/6 - 2*m + 7. Let j(z) be the second derivative of c(z). What is j(11)?
2
Let b(l) be the third derivative of -l**6/72 - l**4/24 - l**3 + 121*l**2. Let q(c) be the first derivative of b(c). Calculate q(1).
-6
Let r(c) = -2*c**3 - 3*c**2 + 4*c + 1. Let k be ((-50)/(-175))/(16/(-14))*12. Determine r(k).
16
Suppose -18 = b + 4*w, 47*b - 48*b - 60 = -3*w. Let a(p) = -p**2 - 42*p - 1. Calculate a(b).
-1
Suppose -5*o = -4*w - 0*o + 1231, 0 = 3*w + o - 928. Let n(c) = -c + w + 306 - 616. Give n(2).
-3
Let x(m) = -9*m**2 - 2*m - 1. Let d be (-13)/((-130)/4)*5. Suppose -c = -3*c + f - d, 5*c = 5*f - 5. Determine x(c).
-8
Let k(y) be the third derivative of 0*y + 0 + 31/6*y**3 + 1/360*y**6 - 7/24*y**4 - 7/120*y**5 - 9*y**2. Let b(i) be the first derivative of k(i). What is b(9)?
11
Let z(s) = -s**2 - 3*s - 1. Let d(i) = -1 + 7*i**3 + 0*i**2 + i - 2*i**3 - 2*i + i**2. Let b be d(-1). Let m = b - -2. What is z(m)?
1
Let i(c) = c - 7. Let g be i(22). Suppose 420 = 3*z - 4*h - g, -2*h + 558 = 4*z. Let p(j) = -11 + 11*j + 142*j**3 - 10*j**2 + 0*j - z*j**3. Determine p(9).
7
Let b(y) = -217 - 4*y + 114 + 63 + 25*y + 158. Determine b(-6).
-8
Let p(t) = t**2 - 20*t + 21. Let d be p(22). Let o = 65 - d. Let l(y) = -y + 7. Give l(o).
7
Let v = 15485 - 15468. Let k(y) = -7*y + 42. What is k(v)?
-77
Let z(y) = 2*y + 4. Let t(b) be the first derivative of b**4/4 + 8*b**3/3 + 15*b**2/2 + 6*b - 40. Let h be t(-3). Give z(h).
16
Suppose 17*v - 11340 = -18*v. Let h = 336 - v. Let z(m) = -m**3 + 5*m**2 + 11 + 6*m**2 + 11*m + 0*m**3. Calculate z(h).
-1
Let h(o) = -3*o**2 + o**3 - 8*o**2 + 104 - 28*o - 86. Give h(13).
-8
Let o = -5707 - -5716. Let s(y) = y**2 - 8*y - 2. What is s(o)?
7
Let n(h) = -h**3 + h**2 + h - 20. Let p(b) = 4*b - 42 - 21*b + 5*b + 5*b. Let f be p(-6). Determine n(f).
-20
Let r(q) be the second derivative of q**5/60 + q**4/12 + q**3/3 - 63*q**2/2 + 12*q - 19. Let z(v) be the second derivative of r(v). Let f = 10 + -6. Give z(f).
10
Let z = -33 - -45. Let n be (-8 + z)*(-10)/4. Let v(o) = -3*o**3 - 11*o + 2*o**3 - 326*o**2 + 335*o**2 + 2*o**3 - 10. What is v(n)?
0
Let h(n) be the second derivative of -n**4/12 + 4*n**3/3 - 17*n**2/2 + 48*n + 7. Calculate h(7).
-10
Let v(w) be the first derivative of -2*w**3/3 + w**2 - 2*w - 9. Let x be 4*(-4 - 54/(-8)). Suppose 11*z + x = 33. Determine v(z).
-6
Let a = 22 + 2. Suppose -18 = 2*r - a. Let h(m) = 0*m + r - m + m + 2*m. Give h(4).
11
Let t be 21/(-42) - (-21)/6. Let c(d) = -d**3 + 4*d**2 - 5*d. Let v be c(t). Let i(z) = z**2 + 6*z + 8. Determine i(v).
8
Let m(h) = -h**3 + 48*h**2 + 24*h + 22. Let r(l) = -l**3 + 46*l**2 + 27*l + 21. Let w(g) = -4*m(g) + 5*r(g). What is w(39)?
17
Let d(z) = -z**2 + 9*z - 9. Let i(l) = l**3 + 8*l**2 + 9*l + 9. Let t be i(-7). Let v be 1 - (-10 - 10/t). Give d(v).
-9
Let y(h) = h**3 + 2*h**2 + 3*h + 1. Suppose 0 = f + 4*f - 30. Let v(u) = -u**2 + 41*u - 346. Let p be v(12). Suppose p*j = 5*j + f. Give y(j).
-5
Let u(s) = -2*s**2 - 62*s - 154. Let y be u(-29). Let l(q) = q + 33. Calculate l(y).
-5
Suppose -16*n - 1 = -97. Let r be (-12)/(-15)*75/n. Let d(x) = -x + 14. What is d(r)?
4
Let u(r) = -7*r**3 + 13*r**2 + 25*r - 14. Let w(n) = 4*n**3 - 7*n**2 - 15*n + 7. Let c(y) = -3*u(y) - 5*w(y). Suppose -3*h - 158 = -170. Calculate c(h).
7
Let j(w) = w**3 + 11*w**2 + 3. Suppose 0 = 4*p - t + 4, 0*p = -5*p - 3*t - 22. Let y be p/(-13) - 6525/585. Determine j(y).
3
Let g(f) = 12*f**2 + 3 - 86*f + 72*f + 12*f. Determine g(1).
13
Let s be -14 + (7/(-2) - (-6)/12). Let h = s + 24. Suppose -h*j = -14*j. Let y(t) = -t**2 + t + 3. Give y(j).
3
Let a(j) = -18*j**3 + 36*j**2 - 21*j - 7. Let u(w) = -10*w**3 + 19*w**2 - 11*w - 4. Let d(p) = -6*a(p) + 11*u(p). What is d(-4)?
-6
Let v(d) = -3*d + 5*d + 5*d + 0*d. Let g be -8 + 91/13 + (-4)/(-1). Give v(g).
21
Let r = -117 + 119. Let i(n) = -4 - 4 + 9*n - r*n - 2*n + 0*n. Determine i(-6).
-38
Let n(v) = -21*v - 1. Let f(h) = 124*h - 8. Let o(m) = -f(m) - 6*n(m). What is o(-8)?
-2
Let g be 10/(-20)*(46 + -2). Let o = -26 - g. Let a(r) = 5 - 3*r + 4 + 3*r - 5 - r. Calculate a(o).
8
Suppose -32*w + 87 = 855. Let q be (9 - 10)/((-2)/w). Let u(y) = y + 12. Determine u(q).
0
Let i(m) = 23 + 19 + m + m. Let s = -5405 - -5388. What is i(s)?
8
Let s be (-15)/6*432/(-270). Let b(d) = d**3 - 3*d**2 - 5*d + 5. Let v be b(4). Let g(k) = v - 3*k - 1 - 2. Give g(s).
-14
Let l(k) = -k**2 + 12. Suppose 2*z - 3*z + 3*z = 0. Suppose 4*v + v + 3*d + 50 = z, -50 = 5*v - 3*d. Let y = -10 - v. Calculate l(y).
12
Let y(r) be the third derivative of r**6/120 - 7*r**5/30 + 11*r**4/12 + 9*r**3/2 - 656*r**2. Give y(12).
3
Let v = -16